{"id":40,"date":"2020-08-19T13:55:39","date_gmt":"2020-08-19T13:55:39","guid":{"rendered":"http:\/\/obraswantuildefreitas.com.br\/?page_id=40"},"modified":"2022-01-15T14:09:25","modified_gmt":"2022-01-15T17:09:25","slug":"sobre-nos","status":"publish","type":"page","link":"https:\/\/obraswantuildefreitas.com.br\/","title":{"rendered":"Sobre N\u00f3s"},"content":{"rendered":"\n<p>As\u00a0Obras Sociais do Centro Esp\u00edrita Wantuil de Freitas, \u00e9 uma associa\u00e7\u00e3o Civil de Direito Privado, classificada como entidade assistencial e educacional, beneficente e sem fins lucrativos, visa a promo\u00e7\u00e3o social atrav\u00e9s do desenvolvimento de diversos trabalhos, sempre direcionados \u00e0s comunidades de baixa renda.<\/p>\n\n\n\n<p>Possui duas unidades:<\/p>\n\n\n\n<p><strong>* Tijuco Preto:<\/strong> Estrada do Tabuleiro Verde, 1000 \u2013 Cotia (<em>Centro Educacional Allan Kardec<\/em>).<\/p>\n\n\n\n<p>\u00c9 a mantenedora do Centro Educacional Allan Kardec, Institui\u00e7\u00e3o de Ensino Particular sem fins lucrativos, voltada \u00e0 assist\u00eancia educacional e social de crian\u00e7as e adolescentes carentes, localizada no Bairro do Tijuco Preto, munic\u00edpio de Cotia\/SP. <\/p>\n\n\n\n<p><\/p>\n\n\n\n<p>*<strong> \u00c1gua Espraiada:<\/strong> Rua Placedina Ribeiro de Oliveira, 492 \u2013 Cotia (<em>Projeto &#8220;Educando para a Vida&#8221;<\/em>).<\/p>\n\n\n\n<p>Na \u00e1rea da Assist\u00eancia Social, o projeto socioeducativo \u201cEducando para a vida\u201d, \u00e9 um servi\u00e7o de conviv\u00eancia e fortalecimento de v\u00ednculos para crian\u00e7as e adolescentes de 06 a 15 anos em parceria com a Secretaria do Desenvolvimento Social com atendimento em nossas duas unidades, 100 crian\u00e7as e adolescentes no per\u00edodo de contra turno escolar, com atividades esportivas e culturais.<\/p>\n\n\n\n<p><\/p>\n\n\n\n<p>Agradecemos desde j\u00e1 o apoio e convidamos para conhecer um pouco mais, visitando nossa p\u00e1gina no Facebook clicando nas imagens: <\/p>\n\n\n\n<p><\/p>\n\n\n\n<figure class=\"wp-block-image size-full\"><a href=\"https:\/\/www.facebook.com\/os.wantuildefreitas\" target=\"_blank\" rel=\"noopener\"><img loading=\"lazy\" decoding=\"async\" width=\"346\" height=\"189\" src=\"https:\/\/obraswantuildefreitas.com.br\/wp-content\/uploads\/2022\/01\/Facebook-OSCEWF.png\" alt=\"\" class=\"wp-image-137\" srcset=\"https:\/\/obraswantuildefreitas.com.br\/wp-content\/uploads\/2022\/01\/Facebook-OSCEWF.png 346w, https:\/\/obraswantuildefreitas.com.br\/wp-content\/uploads\/2022\/01\/Facebook-OSCEWF-300x164.png 300w\" sizes=\"auto, (max-width: 346px) 100vw, 346px\" \/><\/a><\/figure>\n\n\n\n<figure class=\"wp-block-image size-full\"><a href=\"https:\/\/www.facebook.com\/Ceak.projetoeducandoparaavida\" target=\"_blank\" rel=\"noopener\"><img loading=\"lazy\" decoding=\"async\" width=\"347\" height=\"189\" src=\"https:\/\/obraswantuildefreitas.com.br\/wp-content\/uploads\/2022\/01\/CEAK.png\" alt=\"\" class=\"wp-image-138\" srcset=\"https:\/\/obraswantuildefreitas.com.br\/wp-content\/uploads\/2022\/01\/CEAK.png 347w, https:\/\/obraswantuildefreitas.com.br\/wp-content\/uploads\/2022\/01\/CEAK-300x163.png 300w\" sizes=\"auto, (max-width: 347px) 100vw, 347px\" \/><\/a><\/figure>\n","protected":false},"excerpt":{"rendered":"<p>As\u00a0Obras Sociais do Centro Esp\u00edrita Wantuil de Freitas, \u00e9 uma associa\u00e7\u00e3o Civil de Direito Privado, classificada como entidade assistencial e<\/p>\n","protected":false},"author":2,"featured_media":0,"parent":0,"menu_order":0,"comment_status":"closed","ping_status":"closed","template":"","meta":{"footnotes":""},"class_list":["post-40","page","type-page","status-publish","hentry"],"_links":{"self":[{"href":"https:\/\/obraswantuildefreitas.com.br\/index.php?rest_route=\/wp\/v2\/pages\/40","targetHints":{"allow":["GET"]}}],"collection":[{"href":"https:\/\/obraswantuildefreitas.com.br\/index.php?rest_route=\/wp\/v2\/pages"}],"about":[{"href":"https:\/\/obraswantuildefreitas.com.br\/index.php?rest_route=\/wp\/v2\/types\/page"}],"author":[{"embeddable":true,"href":"https:\/\/obraswantuildefreitas.com.br\/index.php?rest_route=\/wp\/v2\/users\/2"}],"replies":[{"embeddable":true,"href":"https:\/\/obraswantuildefreitas.com.br\/index.php?rest_route=%2Fwp%2Fv2%2Fcomments&post=40"}],"version-history":[{"count":7,"href":"https:\/\/obraswantuildefreitas.com.br\/index.php?rest_route=\/wp\/v2\/pages\/40\/revisions"}],"predecessor-version":[{"id":141,"href":"https:\/\/obraswantuildefreitas.com.br\/index.php?rest_route=\/wp\/v2\/pages\/40\/revisions\/141"}],"wp:attachment":[{"href":"https:\/\/obraswantuildefreitas.com.br\/index.php?rest_route=%2Fwp%2Fv2%2Fmedia&parent=40"}],"curies":[{"name":"wp","href":"https:\/\/api.w.org\/{rel}","templated":true}]}}