{"id":229,"date":"2022-08-31T22:34:28","date_gmt":"2022-09-01T01:34:28","guid":{"rendered":"https:\/\/obraswantuildefreitas.com.br\/?page_id=229"},"modified":"2023-07-17T19:52:19","modified_gmt":"2023-07-17T22:52:19","slug":"2022-2","status":"publish","type":"page","link":"https:\/\/obraswantuildefreitas.com.br\/?page_id=229","title":{"rendered":"2022"},"content":{"rendered":"\n<p class=\"has-large-font-size\"><strong><em>Documentos:<\/em><\/strong><\/p>\n\n\n\n<p><a href=\"https:\/\/obraswantuildefreitas.com.br\/upload\/2022\/EDITAL DE CONVOCA\u00c7\u00c3O 31 AGOSTO 22.pdf\">Edital de Convoca\u00e7\u00e3o para Altera\u00e7\u00e3o de Estatuto para dia 07\/09\/2022<\/a><\/p>\n\n\n\n<p><a href=\"https:\/\/obraswantuildefreitas.com.br\/upload\/2022\/EDITAL DE CONVOCA\u00c7\u00c3O 30 setembro - diretoria.pdf\">Edital de Convoca\u00e7\u00e3o para Elei\u00e7\u00e3o de Nova Diretoria para o dia 06\/10\/2022<\/a><\/p>\n\n\n\n<p><a href=\"https:\/\/obraswantuildefreitas.com.br\/upload\/2022\/Estatudo Obras Sociais 2022.pdf\">Estatuto Obras Sociais 2022<\/a><\/p>\n\n\n\n<p><\/p>\n\n\n\n<p class=\"has-large-font-size\"><strong><em>Presta\u00e7\u00f5es de Contas<\/em><\/strong><\/p>\n\n\n\n<p class=\"has-medium-font-size\"><strong><em>Termo 07<\/em><\/strong><\/p>\n\n\n\n<ul class=\"wp-block-list\">\n<li><a href=\"https:\/\/obraswantuildefreitas.com.br\/upload\/2022\/Termo 07 - 01 Demonstrativo.pdf\" target=\"_blank\" rel=\"noreferrer noopener\">Demonstrativo Parcela 01<\/a><\/li>\n\n\n\n<li><a href=\"https:\/\/obraswantuildefreitas.com.br\/upload\/2022\/Termo 07 - 02 Demonstrativo.pdf\" target=\"_blank\" rel=\"noreferrer noopener\">Demonstrativo Parcela 02<\/a><\/li>\n\n\n\n<li><a href=\"https:\/\/obraswantuildefreitas.com.br\/upload\/2022\/Termo 07 - 03 Demonstrativo.pdf\" target=\"_blank\" rel=\"noreferrer noopener\">Demonstrativo Parcela 03<\/a><\/li>\n\n\n\n<li><a href=\"https:\/\/obraswantuildefreitas.com.br\/upload\/2022\/Termo 07 - 04 Demonstrativo.pdf\" target=\"_blank\" rel=\"noreferrer noopener\">Demonstrativo Parcela 04<\/a><\/li>\n\n\n\n<li><a href=\"https:\/\/obraswantuildefreitas.com.br\/upload\/2022\/Termo 07 - 05 Demonstrativo.pdf\" target=\"_blank\" rel=\"noreferrer noopener\">Demonstrativo Parcela 05<\/a><\/li>\n\n\n\n<li><a href=\"https:\/\/obraswantuildefreitas.com.br\/upload\/2022\/Termo 07 - 06 Demonstrativo.pdf\" target=\"_blank\" rel=\"noreferrer noopener\">Demonstrativo Parcela 06<\/a><\/li>\n\n\n\n<li><a href=\"https:\/\/obraswantuildefreitas.com.br\/upload\/2022\/Termo 07 - 07 Demonstrativo.pdf\" target=\"_blank\" rel=\"noreferrer noopener\">Demonstrativo Parcela 07<\/a><\/li>\n\n\n\n<li><a href=\"https:\/\/obraswantuildefreitas.com.br\/upload\/2022\/Termo 07 - 08 Demonstrativo.pdf\" target=\"_blank\" rel=\"noreferrer noopener\">Demonstrativo Parcela 08<\/a><\/li>\n\n\n\n<li><a href=\"https:\/\/obraswantuildefreitas.com.br\/upload\/2022\/Termo 07 - 09 Demonstrativo.pdf\" target=\"_blank\" rel=\"noreferrer noopener\">Demonstrativo Parcela 09<\/a><\/li>\n\n\n\n<li><a href=\"https:\/\/obraswantuildefreitas.com.br\/upload\/2022\/Termo 07 - 10 Demonstrativo.pdf\" target=\"_blank\" rel=\"noreferrer noopener\">Demonstrativo Parcela 10<\/a><\/li>\n\n\n\n<li><a href=\"https:\/\/obraswantuildefreitas.com.br\/upload\/2022\/Termo 07 - 11 Demonstrativo.pdf\" target=\"_blank\" rel=\"noreferrer noopener\">Demonstrativo Parcela 11<\/a><\/li>\n\n\n\n<li><a href=\"https:\/\/obraswantuildefreitas.com.br\/upload\/2022\/Termo 07 - 12 Demonstrativo.pdf\" target=\"_blank\" rel=\"noreferrer noopener\">Demonstrativo Parcela 12<\/a><\/li>\n<\/ul>\n\n\n\n<p class=\"has-medium-font-size\"><strong><em>Termo 10<\/em><\/strong><\/p>\n\n\n\n<ul class=\"wp-block-list\">\n<li><a href=\"https:\/\/obraswantuildefreitas.com.br\/upload\/2022\/Termo 10 - 01 Demonstrativo.pdf\" target=\"_blank\" rel=\"noreferrer noopener\">Demonstrativo Parcela 01<\/a><\/li>\n\n\n\n<li><a href=\"https:\/\/obraswantuildefreitas.com.br\/upload\/2022\/Termo 10 - 02 Demonstrativo.pdf\" target=\"_blank\" rel=\"noreferrer noopener\">Demonstrativo Parcela 02<\/a><\/li>\n\n\n\n<li><a href=\"https:\/\/obraswantuildefreitas.com.br\/upload\/2022\/Termo 10 - 03 Demonstrativo.pdf\" target=\"_blank\" rel=\"noreferrer noopener\">Demonstrativo Parcela 03<\/a><\/li>\n\n\n\n<li><a href=\"https:\/\/obraswantuildefreitas.com.br\/upload\/2022\/Termo 10 - 04 Demonstrativo.pdf\" target=\"_blank\" rel=\"noreferrer noopener\">Demonstrativo Parcela 04<\/a><\/li>\n\n\n\n<li><a href=\"https:\/\/obraswantuildefreitas.com.br\/upload\/2022\/Termo 10 - 05 Demonstrativo.pdf\" target=\"_blank\" rel=\"noreferrer noopener\">Demonstrativo Parcela 05<\/a><\/li>\n\n\n\n<li><a href=\"https:\/\/obraswantuildefreitas.com.br\/upload\/2022\/Termo 10 - 06 Demonstrativo.pdf\" target=\"_blank\" rel=\"noreferrer noopener\">Demonstrativo Parcela 06<\/a><\/li>\n\n\n\n<li><a href=\"https:\/\/obraswantuildefreitas.com.br\/upload\/2022\/Termo 10 - 07 Demonstrativo.pdf\" target=\"_blank\" rel=\"noreferrer noopener\">Demonstrativo Parcela 07<\/a><\/li>\n\n\n\n<li><a href=\"https:\/\/obraswantuildefreitas.com.br\/upload\/2022\/Termo 10 - 08 Demonstrativo.pdf\" target=\"_blank\" rel=\"noreferrer noopener\">Demonstrativo Parcela 08<\/a><\/li>\n\n\n\n<li><a href=\"https:\/\/obraswantuildefreitas.com.br\/upload\/2022\/Termo 10 - 09 Demonstrativo.pdf\" target=\"_blank\" rel=\"noreferrer noopener\">Demonstrativo Parcela 09<\/a><\/li>\n\n\n\n<li><a href=\"https:\/\/obraswantuildefreitas.com.br\/upload\/2022\/Termo 10 - 10 Demonstrativo.pdf\" target=\"_blank\" rel=\"noreferrer noopener\">Demonstrativo Parcela 10<\/a><\/li>\n\n\n\n<li><a href=\"https:\/\/obraswantuildefreitas.com.br\/upload\/2022\/Termo 10 - 11 Demonstrativo.pdf\" target=\"_blank\" rel=\"noreferrer noopener\">Demonstrativo Parcela 11<\/a><\/li>\n\n\n\n<li><a href=\"https:\/\/obraswantuildefreitas.com.br\/upload\/2022\/Termo 10 - 12 Demonstrativo.pdf\" target=\"_blank\" rel=\"noreferrer noopener\">Demonstrativo Parcela 12<\/a><\/li>\n<\/ul>\n","protected":false},"excerpt":{"rendered":"<p>Documentos: Edital de Convoca\u00e7\u00e3o para Altera\u00e7\u00e3o de Estatuto para dia 07\/09\/2022 Edital de Convoca\u00e7\u00e3o para Elei\u00e7\u00e3o de Nova Diretoria para<\/p>\n","protected":false},"author":3,"featured_media":0,"parent":0,"menu_order":0,"comment_status":"closed","ping_status":"closed","template":"","meta":{"footnotes":""},"class_list":["post-229","page","type-page","status-publish","hentry"],"_links":{"self":[{"href":"https:\/\/obraswantuildefreitas.com.br\/index.php?rest_route=\/wp\/v2\/pages\/229","targetHints":{"allow":["GET"]}}],"collection":[{"href":"https:\/\/obraswantuildefreitas.com.br\/index.php?rest_route=\/wp\/v2\/pages"}],"about":[{"href":"https:\/\/obraswantuildefreitas.com.br\/index.php?rest_route=\/wp\/v2\/types\/page"}],"author":[{"embeddable":true,"href":"https:\/\/obraswantuildefreitas.com.br\/index.php?rest_route=\/wp\/v2\/users\/3"}],"replies":[{"embeddable":true,"href":"https:\/\/obraswantuildefreitas.com.br\/index.php?rest_route=%2Fwp%2Fv2%2Fcomments&post=229"}],"version-history":[{"count":3,"href":"https:\/\/obraswantuildefreitas.com.br\/index.php?rest_route=\/wp\/v2\/pages\/229\/revisions"}],"predecessor-version":[{"id":258,"href":"https:\/\/obraswantuildefreitas.com.br\/index.php?rest_route=\/wp\/v2\/pages\/229\/revisions\/258"}],"wp:attachment":[{"href":"https:\/\/obraswantuildefreitas.com.br\/index.php?rest_route=%2Fwp%2Fv2%2Fmedia&parent=229"}],"curies":[{"name":"wp","href":"https:\/\/api.w.org\/{rel}","templated":true}]}}

<p class="has-large-font-size"><strong><em>Documentos:</em></strong></p>



<p><a href="https://obraswantuildefreitas.com.br/upload/2022/EDITAL DE CONVOCAÇÃO 31 AGOSTO 22.pdf">Edital de Convocação para Alteração de Estatuto para dia 07/09/2022</a></p>



<p><a href="https://obraswantuildefreitas.com.br/upload/2022/EDITAL DE CONVOCAÇÃO 30 setembro - diretoria.pdf">Edital de Convocação para Eleição de Nova Diretoria para o dia 06/10/2022</a></p>



<p><a href="https://obraswantuildefreitas.com.br/upload/2022/Estatudo Obras Sociais 2022.pdf">Estatuto Obras Sociais 2022</a></p>



<p></p>



<p class="has-large-font-size"><strong><em>Prestações de Contas</em></strong></p>



<p class="has-medium-font-size"><strong><em>Termo 07</em></strong></p>



<ul class="wp-block-list">
<li><a href="https://obraswantuildefreitas.com.br/upload/2022/Termo 07 - 01 Demonstrativo.pdf" target="_blank" rel="noreferrer noopener">Demonstrativo Parcela 01</a></li>



<li><a href="https://obraswantuildefreitas.com.br/upload/2022/Termo 07 - 02 Demonstrativo.pdf" target="_blank" rel="noreferrer noopener">Demonstrativo Parcela 02</a></li>



<li><a href="https://obraswantuildefreitas.com.br/upload/2022/Termo 07 - 03 Demonstrativo.pdf" target="_blank" rel="noreferrer noopener">Demonstrativo Parcela 03</a></li>



<li><a href="https://obraswantuildefreitas.com.br/upload/2022/Termo 07 - 04 Demonstrativo.pdf" target="_blank" rel="noreferrer noopener">Demonstrativo Parcela 04</a></li>



<li><a href="https://obraswantuildefreitas.com.br/upload/2022/Termo 07 - 05 Demonstrativo.pdf" target="_blank" rel="noreferrer noopener">Demonstrativo Parcela 05</a></li>



<li><a href="https://obraswantuildefreitas.com.br/upload/2022/Termo 07 - 06 Demonstrativo.pdf" target="_blank" rel="noreferrer noopener">Demonstrativo Parcela 06</a></li>



<li><a href="https://obraswantuildefreitas.com.br/upload/2022/Termo 07 - 07 Demonstrativo.pdf" target="_blank" rel="noreferrer noopener">Demonstrativo Parcela 07</a></li>



<li><a href="https://obraswantuildefreitas.com.br/upload/2022/Termo 07 - 08 Demonstrativo.pdf" target="_blank" rel="noreferrer noopener">Demonstrativo Parcela 08</a></li>



<li><a href="https://obraswantuildefreitas.com.br/upload/2022/Termo 07 - 09 Demonstrativo.pdf" target="_blank" rel="noreferrer noopener">Demonstrativo Parcela 09</a></li>



<li><a href="https://obraswantuildefreitas.com.br/upload/2022/Termo 07 - 10 Demonstrativo.pdf" target="_blank" rel="noreferrer noopener">Demonstrativo Parcela 10</a></li>



<li><a href="https://obraswantuildefreitas.com.br/upload/2022/Termo 07 - 11 Demonstrativo.pdf" target="_blank" rel="noreferrer noopener">Demonstrativo Parcela 11</a></li>



<li><a href="https://obraswantuildefreitas.com.br/upload/2022/Termo 07 - 12 Demonstrativo.pdf" target="_blank" rel="noreferrer noopener">Demonstrativo Parcela 12</a></li>
</ul>



<p class="has-medium-font-size"><strong><em>Termo 10</em></strong></p>



<ul class="wp-block-list">
<li><a href="https://obraswantuildefreitas.com.br/upload/2022/Termo 10 - 01 Demonstrativo.pdf" target="_blank" rel="noreferrer noopener">Demonstrativo Parcela 01</a></li>



<li><a href="https://obraswantuildefreitas.com.br/upload/2022/Termo 10 - 02 Demonstrativo.pdf" target="_blank" rel="noreferrer noopener">Demonstrativo Parcela 02</a></li>



<li><a href="https://obraswantuildefreitas.com.br/upload/2022/Termo 10 - 03 Demonstrativo.pdf" target="_blank" rel="noreferrer noopener">Demonstrativo Parcela 03</a></li>



<li><a href="https://obraswantuildefreitas.com.br/upload/2022/Termo 10 - 04 Demonstrativo.pdf" target="_blank" rel="noreferrer noopener">Demonstrativo Parcela 04</a></li>



<li><a href="https://obraswantuildefreitas.com.br/upload/2022/Termo 10 - 05 Demonstrativo.pdf" target="_blank" rel="noreferrer noopener">Demonstrativo Parcela 05</a></li>



<li><a href="https://obraswantuildefreitas.com.br/upload/2022/Termo 10 - 06 Demonstrativo.pdf" target="_blank" rel="noreferrer noopener">Demonstrativo Parcela 06</a></li>



<li><a href="https://obraswantuildefreitas.com.br/upload/2022/Termo 10 - 07 Demonstrativo.pdf" target="_blank" rel="noreferrer noopener">Demonstrativo Parcela 07</a></li>



<li><a href="https://obraswantuildefreitas.com.br/upload/2022/Termo 10 - 08 Demonstrativo.pdf" target="_blank" rel="noreferrer noopener">Demonstrativo Parcela 08</a></li>



<li><a href="https://obraswantuildefreitas.com.br/upload/2022/Termo 10 - 09 Demonstrativo.pdf" target="_blank" rel="noreferrer noopener">Demonstrativo Parcela 09</a></li>



<li><a href="https://obraswantuildefreitas.com.br/upload/2022/Termo 10 - 10 Demonstrativo.pdf" target="_blank" rel="noreferrer noopener">Demonstrativo Parcela 10</a></li>



<li><a href="https://obraswantuildefreitas.com.br/upload/2022/Termo 10 - 11 Demonstrativo.pdf" target="_blank" rel="noreferrer noopener">Demonstrativo Parcela 11</a></li>



<li><a href="https://obraswantuildefreitas.com.br/upload/2022/Termo 10 - 12 Demonstrativo.pdf" target="_blank" rel="noreferrer noopener">Demonstrativo Parcela 12</a></li>
</ul>

<p>Documentos: Edital de Convocação para Alteração de Estatuto para dia 07/09/2022 Edital de Convocação para Eleição de Nova Diretoria para</p>
